
What is 46 - (-22 + (18 - 8) + 28)?
30
What is 3 - (-13 - -29) - 49?
-62
Evaluate -3 + -8 - (1 + -23 + (-37 - -8) + 26).
14
Evaluate 369 + -382 + -1 + -5 + (104 - -3).
88
What is (85 - 122) + -26 + -5 + (24 - 7)?
-51
66 + -6 + 55 - 67
48
Calculate -69 - (-99 - -145 - 207).
92
Evaluate -67 - (-5 + 7) - 4 - ((-32 - 10) + 40).
-71
Evaluate -2 + 0 + 1861 + -1835 - 29.
-5
Calculate (-9 - (-9 - -6)) + -45 + 57 + 1 + -2.
5
What is (15 - (-11 - -32) - 15) + -20?
-41
What is 3 + (8 - 5) - (-8 - (-29 - -9)) - 16?
-22
Calculate -2056 - -2068 - (3 + (15 - 1)).
-5
Evaluate 2 - (27 + (19 - 23 - -71)).
-92
Calculate -41 + (116 - (-4 + 41)).
38
Calculate -5 + 97 + (-18 - 40).
34
What is 3 - 22 - (-73 + 65) - -43?
32
What is 12 + 2 + (47 - (42 + -22)) - (0 + -2)?
43
Calculate (-2 - (5 - (7 + 17))) + -30 - 31.
-44
What is the value of 1763 + -1817 - (1 - -15)?
-70
What is the value of -20 + (-11 - -19 - -23) - -1?
12
What is -33 + 15 + 10 + -17 + 53?
28
Evaluate 33 - 0 - (-788 + 792).
29
Evaluate 10 + 12 + 15 + -2 + -14.
21
What is 129 + (66 - 145) + -19 + 1?
32
(28 - (-44 - (-34 + -4))) + 21
55
What is the value of (33 - 19) + 22 + 6 + -8?
34
Evaluate 40 + (38 - (-96 + 91)).
83
Calculate 1 + 5 + -1 - 7 - -10.
8
What is the value of (-1626 + 1584 - (-39 + -1)) + -104?
-106
Calculate 1 - (-51 + -107 - -118).
41
Evaluate 66 - (-16 - (-44 + (-9 - -20))).
49
What is 1662 - 1639 - (9 + -1 - 4)?
19
Calculate 40 - (12 + 41 + -97).
84
Evaluate (12 + (10 - 15) - 0) + (-6 - (5 - 2)).
-2
What is the value of (8 - 0) + (-11 + 0 - (-14 + 17)) + 65?
59
What is -6 - (80 + -32 + -2 - 91)?
39
Evaluate (-11 + 27 - -8) + 2 + 3 + 5.
34
What is the value of (16 - 4) + ((-10 - -11) + -15 - -5) + 71?
74
Evaluate -11 + (22 - (5 - 20 - 3)).
29
Evaluate -14 + (238 - 225 - (0 + 3)).
-4
What is -12 - (-34 - 7 - (-7 - 10))?
12
Evaluate 63 + (-21 + 63 - 10 - 49).
46
Evaluate (23 + -48 - (-3 + -8)) + -25.
-39
Calculate -7 + 10 + 6 + (4 + -2 - 73) + 5.
-57
Calculate -30 + 4 + 4 - (79 - 82).
-19
Evaluate -14 - (15 + 9 + -35 + -22).
19
What is the value of -1 - -7 - 3 - 63 - (76 + -39 - 34)?
-63
What is (10 - (7 + -7 - -20)) + (0 - -15)?
5
What is -49 + (-50 - -47 - (1 + -9)) + (-2 - 1)?
-47
What is the value of 39 - (-110 + 61 - -49)?
39
What is the value of -36 + (10 - (-5 - -1 - -7))?
-29
Evaluate -80 + (15 - (1 - (-9 - -3)) - -5).
-67
Calculate (2355 - 2343) + (-2 - 0) - 5.
5
Calculate (2 - 8) + (-751 - -740).
-17
Evaluate (0 - 2 - 2) + 306 + -308 - -24.
18
(133 - 3) + (-66 - 97) + 166
133
-43 + 0 - (15 + -47 + -28 + 74)
-57
What is the value of 18 + 4 + (-3 - 0) + (2683 - 2635)?
67
What is 39 + -4 + -15 + -3 + 25 + -16?
26
Evaluate 1 - (1 - -41) - (22 - 26).
-37
10 - 0 - (-11765 - -11793)
-18
Evaluate -93 + (-21 - (26 - 72)) + 2 + 14.
-52
14 - -3 - (-13 - (8 + -12 + -5))
21
What is the value of (-25 - -18 - 49) + -7 + (1 - (0 + -2))?
-60
Evaluate -26 + (-43 - -22 - -13) + 7.
-27
What is 3 - (30 + -37) - 40?
-30
What is the value of -73 - (-7 - (33 + -39) - (5 - -9))?
-58
What is the value of (-2 - 13) + -186 + 193 + 0 + -58?
-66
Calculate 8508 + -8499 - (2 + 24 + 3).
-20
Calculate -1 - (-13 - ((-4 - (-4 - -12)) + -52)).
-52
Calculate 0 - (-2 - 8) - (438 + -443).
15
What is the value of -47 - (-23 + 20 + -8 + -11 + 27)?
-52
(-20 - -2) + (-69 - 79 - -90)
-76
112 + -62 - (46 - 111)
115
What is (127 + -16 - 47) + -115?
-51
7 + (-10 - -30) + -74 + (-1 - 2)
-50
-14 + (-17 + 33 + 0 - 28)
-26
What is (-3 - -17 - 3 - (2 + 8)) + 13?
14
What is the value of (2 - 2) + (2 - -1) + (103 - (9 + 14))?
83
What is 8 + (4 - (17 + -37)) + -12 + 10 + 5?
35
What is the value of -37 + (73 - (18 - -33))?
-15
What is the value of -8 - -66 - 164 - -121?
15
What is the value of (142 - 58) + -227 + 83?
-60
What is 18 - ((102 - -1) + (-14 + -21 - -22))?
-72
What is the value of (28 - (19 - (11 - 18))) + -7?
-5
Calculate 0 + -31 + 22 + 34.
25
Calculate 144 - (-40 - -173) - (-45 - -1).
55
What is the value of 25 + 0 + -10 + -1 + (-184 - -41 - -153)?
24
What is the value of 141 - (110 + (-111 - -98))?
44
What is the value of 7 - (6 - -6) - (-22 + 38)?
-21
What is the value of -26 + (-5 - 10) + (3 - 9) - (-9 - -4)?
-42
Calculate 103 + -14 + 0 + 25 + -27 + 28 + 4.
119
What is 76 + (-213 - -62 - -3)?
-72
What is the value of 33 - (3 + (37 - (6 + 24)))?
23
Calculate -2 + -16 + 8 + 7 + 41 + 15 + -15.
38
(-12 - -11) + -65 + 5 - ((8 - -1) + -21)
-49
What is -20 - (-20 - -41 - 20 - -22)?
-43
(4 - -3) + -16 + 4 + -17 + 20
-2
56 - (122 + -59) - (-15 - 0) - -81
89
What is the value of (31 - (-4 + (5 - -3) - (53 - 55))) + 2?
27
Calculate -18 + (1 - -42) + 229 + -227.
27
What is the value of (-4 + 6 + 0 - 6) + (42 - (45 - 5))?
-2
-4 + (17 - 11) + 0 + -5 + (-34 - 3)
-40
Calculate -60 - (-19 - 51) - (31 - (-2 - -1)).
-22
What is -10 + (14 - 11) + (29 - 12) + -15?
-5
What is -25 + 1 - (843 + -873) - -37?
43
What is the value of 60 + 35 + -93 - (1 - 27)?
28
-10 - (13 + -30 - -11 - (7 + 49 + 2))
54
What is the value of (1064 - 1097) + (-1 - -108)?
74
What is the value of (-51 - -64) + -38 - -33?
8
What is the value of -21 - -73 - 1 - (10 + 1 - (2 - 0))?
42
2 + -2 - (7 + -2) - (-992 + 945) - 7
35
-137 + 19 + -106 + 154
-70
Calculate -25 - -2 - (-46 - (116 + -138)).
1
What is -451 - -335 - (-180 - -3)?
61
What is (-1 - 15) + (1 - -77) + 9 + 15?
86
What is the value of -7 - -14 - -21 - (-6 - 14)?
48
Evaluate 11 - (26 - (-61 + 73)).
-3
1074 + -1086 + (0 - -30)
18
Evaluate 119 + -35 - 51 - (2 - 2).
33
What is the value of 49 + -5 + -15 + (101 - 74)?
56
-10 + -46 + 48 - (87 - 2)
-93
What is (70 - (3 + -20 + 9)) + -2 - 12?
64
(12 - 8 - -13) + (-91 - -25)
-49
(-47 - -21 - -4) + -64 - -21
-65
What is (-1 - 2 - -10) + 14 + 0 + -2?
19
What is the value of -7 + 8 - 21 - (11 - 33)?
2
Calculate 5 + (63 + -77 - (6 - 6)) - 82.
-91
Evaluate -69 - (61 + 11 - 93).
-48
((4 - 3) + -8 - 4) + 14 + -30 + 70
43
What is the value of -53 - (-20 + 18 + 31 + -25)?
-57
(40 - 4) + -205 + 123
-46
Evaluate 7 + -77 + (2 - -2) + (8 - (4 - -5)).
-67
What is (10 - 0 - 4) + 5 + (-40 - -37)?
8
17 - (-13 - (13 - (-7 + 20 - 7)))
37
What is 36 + 6 + -9 - (8 + -2 + (29 - 31))?
29
Evaluate 21 - 0 - (6 + (-8 - -5)).
18
What is 11 + (171 - (25 + 70))?
87
What is the value of (29 - (0 - -23)) + -13 - 31?
-38
What is the value of (246 - 99) + -302 - -229?
74
Evaluate 107 + (-31 - 28 - -8).
56
What is the value of 3302 + -3168 + 1 + 0 + -13?
122
Calculate 1 - (21 + (-3 - 12)) - -42.
37
Calculate -35 + (-8 - (-57 - -26) - 24).
-36
What is ((-18 - 36) + -19 - 17) + 30?
-60
What is the value of -1 + -1 + (227 + -23 - 180)?
22
What is the value of 74 + -70 - (56 - (3 - -7 - 8))?
-50
(0 + 2 - -3 - (964 + -969) - 0) + 54
64
Calculate 1190 - 1258 - (42 - 1).
-109
50 + (-2 - -47 - (338 - 308))
65
-1 + (-5 - (-213 + 215 - (-1 + 1))) + 2
-6
38 + 1 + (4097 - 4111)
25
What is the value of -2 + 3 + 9 + -101 + 87 + -78?
-82
What is the value of 121 + -8 + (2 - (-5 + -3 + 3)) + -1?
119
Evaluate -5 - ((-17 - -4) + 16 + -46).
38
Evaluate -31 + 6 + (0 - -9) - (-52 - -44).
-8
Calculate 18 + (-65 - 64 - -123).
12
What is 8 + (9 - 8) + (6 - 0) - 2?
13
What is the value of -1 + -51 - (69 - (-13 - -91))?
-43
What is the value of -58 + (-225 - -219 - (4 + (-4 - -4)))?
-68
Evaluate -6 + 11 - ((0 - 6) + (28 + -6 - 101)).
90
What is (12 - (-46 - -64 - (2 + 14))) + 71?
81
What is the value of 0 + (9 + (-4 + -9 - -2) - 1) - 43?
-46
What is the value of -78 + (-9 - (0 - 12) - (-1 + 1)) + 0?
-75
Calculate (34 - (50 - 14)) + (33 - 58 - (1 + 6)).
-34
What is (27 - (-4 + 20 - -3)) + 1 + 8?
17
(-11 - 1) + (-6 + 3 - 13) + 31
3
What is -14 - -1 - (-10 - (-44 - (-32 - -27)))?
-42
435 - 415 - (0 + (-1 - 15) - -3)
33
Calculate (-4 - 29) + -37 + 31.
-39
(-110 - -86) + (-3 - 1) - (-5 - -7)
-30
What is the value of -27 - ((41 - 32) + -6)?
-30
What is -2 - (-20 - (60 - 143))?
-65
Calculate 11 - (-117 + 81 + -28 - (-4 - -1)).
72
Calculate -29 + 170 + -185 + 5 + (-3 - 2).
-44
Evaluate 32 + (48 - 32) + -156 + 20.
-88
What is -31 + 4 + 91 - 166?
-102
0 + -17 + -45 + (14 - (4 + 10))
-62
Calculate 46 + -3 - (103 + -97 - -4).
33
What is the value of -10 - 4 - 3 - (3 - (5 + -16))?
-31
Evaluate -13 + -1 - (206 + -164 + (37 - 3)).
-90
Evaluate -51 + 59 + -2 + 3 + -26 + -10.
-27
Evaluate (0 - 7) + (76 - 15) + (9 - -17) + 14.
94
Calcula